actors of 930.
2, 3, 5, 31
What are the prime factors of 51245?
5, 37, 277
What are the prime factors of 1176?
2, 3, 7
List the prime factors of 1297.
1297
List the prime factors of 4222.
2, 2111
What are the prime factors of 54292?
2, 7, 277
List the prime factors of 117168.
2, 3, 2441
What are the prime factors of 917?
7, 131
What are the prime factors of 1037?
17, 61
List the prime factors of 13477.
13477
List the prime factors of 188.
2, 47
What are the prime factors of 945?
3, 5, 7
What are the prime factors of 6566?
2, 7, 67
List the prime factors of 4359.
3, 1453
What are the prime factors of 394?
2, 197
List the prime factors of 1922.
2, 31
List the prime factors of 8328.
2, 3, 347
List the prime factors of 4959.
3, 19, 29
List the prime factors of 1610.
2, 5, 7, 23
What are the prime factors of 42015?
3, 5, 2801
What are the prime factors of 2270?
2, 5, 227
List the prime factors of 1483.
1483
List the prime factors of 9072.
2, 3, 7
What are the prime factors of 8963?
8963
List the prime factors of 16378.
2, 19, 431
List the prime factors of 43054.
2, 11, 19, 103
What are the prime factors of 2033?
19, 107
List the prime factors of 7153.
23, 311
List the prime factors of 17259.
3, 11, 523
What are the prime factors of 12588?
2, 3, 1049
List the prime factors of 1438.
2, 719
List the prime factors of 3975.
3, 5, 53
What are the prime factors of 8893?
8893
What are the prime factors of 2263?
31, 73
List the prime factors of 80196.
2, 3, 41, 163
What are the prime factors of 1166?
2, 11, 53
List the prime factors of 1298.
2, 11, 59
List the prime factors of 17784.
2, 3, 13, 19
List the prime factors of 27.
3
List the prime factors of 7710.
2, 3, 5, 257
List the prime factors of 1135.
5, 227
List the prime factors of 20124.
2, 3, 13, 43
List the prime factors of 7331.
7331
What are the prime factors of 5074?
2, 43, 59
What are the prime factors of 665?
5, 7, 19
List the prime factors of 13697.
13697
What are the prime factors of 3481?
59
List the prime factors of 52403.
13, 29, 139
List the prime factors of 17352.
2, 3, 241
List the prime factors of 1165.
5, 233
List the prime factors of 100595.
5, 11, 31, 59
List the prime factors of 7642.
2, 3821
What are the prime factors of 284?
2, 71
List the prime factors of 52499.
47, 1117
List the prime factors of 467.
467
What are the prime factors of 6329?
6329
List the prime factors of 43968.
2, 3, 229
List the prime factors of 13695.
3, 5, 11, 83
List the prime factors of 390.
2, 3, 5, 13
List the prime factors of 80063.
23, 59
What are the prime factors of 1191?
3, 397
List the prime factors of 26823.
3, 8941
List the prime factors of 20453.
113, 181
What are the prime factors of 322?
2, 7, 23
List the prime factors of 123.
3, 41
List the prime factors of 217.
7, 31
What are the prime factors of 59935?
5, 11987
What are the prime factors of 69809?
69809
What are the prime factors of 1080?
2, 3, 5
What are the prime factors of 1888?
2, 59
List the prime factors of 12247.
37, 331
What are the prime factors of 2836?
2, 709
What are the prime factors of 23298?
2, 3, 11, 353
List the prime factors of 11762.
2, 5881
What are the prime factors of 623?
7, 89
List the prime factors of 395.
5, 79
What are the prime factors of 1476?
2, 3, 41
List the prime factors of 395.
5, 79
What are the prime factors of 1669?
1669
What are the prime factors of 388?
2, 97
What are the prime factors of 120697?
137, 881
What are the prime factors of 6747?
3, 13, 173
List the prime factors of 3180.
2, 3, 5, 53
What are the prime factors of 79852?
2, 19963
List the prime factors of 7862.
2, 3931
What are the prime factors of 64613?
64613
What are the prime factors of 333?
3, 37
What are the prime factors of 6061?
11, 19, 29
What are the prime factors of 3739?
3739
List the prime factors of 1645.
5, 7, 47
What are the prime factors of 31268?
2, 7817
List the prime factors of 2257.
37, 61
List the prime factors of 1421.
7, 29
What are the prime factors of 11047?
11047
What are the prime factors of 32477?
47, 691
List the prime factors of 59356.
2, 11, 19, 71
What are the prime factors of 2682?
2, 3, 149
What are the prime factors of 9877?
7, 17, 83
What are the prime factors of 11675?
5, 467
List the prime factors of 3430.
2, 5, 7
What are the prime factors of 140176?
2, 8761
What are the prime factors of 1381?
1381
What are the prime factors of 2593?
2593
List the prime factors of 1824.
2, 3, 19
What are the prime factors of 49749?
3, 7, 23, 103
What are the prime factors of 1838?
2, 919
List the prime factors of 105401.
105401
List the prime factors of 10535.
5, 7, 43
What are the prime factors of 9103?
9103
List the prime factors of 10953.
3, 1217
List the prime factors of 764.
2, 191
What are the prime factors of 1213?
1213
What are the prime factors of 5947?
19, 313
What are the prime factors of 158?
2, 79
List the prime factors of 70008.
2, 3, 2917
What are the prime factors of 3202?
2, 1601
What are the prime factors of 1050?
2, 3, 5, 7
List the prime factors of 28860.
2, 3, 5, 13, 37
List the prime factors of 1133.
11, 103
What are the prime factors of 35494?
2, 17747
What are the prime factors of 3623?
3623
List the prime factors of 2912.
2, 7, 13
List the prime factors of 16146.
2, 3, 13, 23
List the prime factors of 2280.
2, 3, 5, 19
List the prime factors of 34712.
2, 4339
List the prime factors of 909.
3, 101
List the prime factors of 85940.
2, 5, 4297
What are the prime factors of 45?
3, 5
List the prime factors of 1799.
7, 257
List the prime factors of 1401.
3, 467
What are the prime factors of 17752?
2, 7, 317
What are the prime factors of 1947?
3, 11, 59
List the prime factors of 60042.
2, 3, 10007
What are the prime factors of 2867?
47, 61
What are the prime factors of 75720?
2, 3, 5, 631
List the prime factors of 1497.
3, 499
List the prime factors of 95802.
2, 3, 7, 2281
List the prime factors of 2492.
2, 7, 89
What are the prime factors of 9345?
3, 5, 7, 89
What are the prime factors of 4534?
2, 2267
List the prime factors of 16713.
3, 619
What are the prime factors of 1239?
3, 7, 59
What are the prime factors of 266?
2, 7, 19
List the prime factors of 25359.
3, 79, 107
What are the prime factors of 19456?
2, 19
What are the prime factors of 374?
2, 11, 17
What are the prime factors of 4228?
2, 7, 151
What are the prime factors of 2785?
5, 557
List the prime factors of 728.
2, 7, 13
List the prime factors of 8211.
3, 7, 17, 23
What are the prime factors of 3397?
43, 79
List the prime factors of 27302.
2, 11, 17, 73
What are the prime factors of 5359?
23, 233
List the prime factors of 7521.
3, 23, 109
List the prime factors of 104814.
2, 3, 647
List the prime factors of 11423.
11423
List the prime factors of 9457.
7, 193
What are the prime factors of 15587?
11, 13, 109
What are the prime factors of 2416?
2, 151
List the prime factors of 8337.
3, 7, 397
List the prime factors of 1343.
17, 79
What are the prime factors of 32799?
3, 13, 29
What are the prime factors of 38791?
38791
List the prime factors of 26580.
2, 3, 5, 443
List the prime factors of 7732.
2, 1933
List the prime factors of 7474.
2, 37, 101
What are the prime factors of 869?
11, 79
List the prime factors of 5924.
2, 1481
List the prime factors of 864.
2, 3
List the prime factors of 34232.
2, 11, 389
List the prime factors of 11042.
2, 5521
What are the prime factors of 11009?
101, 109
List the prime factors of 4121.
13, 317
What are the prime factors of 30194?
2, 31, 487
What are the prime factors of 4479?
3, 1493
What are the prime factors of 20941?
43, 487
What are the prime factors of 56718?
2, 3, 23, 137
What are the prime factors of 6463?
23, 281
What are the prime factors of 417?
3, 139
List the prime factors of 91486.
2, 149, 307
What are the prime factors of 4835?
5, 967
List the prime factors of 18532.
2, 41, 113
What are the prime factors of 1015?
5, 7, 29
List the prime factors of 2597.
7, 53
List the prime factors of 1976.
2, 13, 19
List the prime factors of 1311.
3, 19, 23
List the prime factors of 13644.
2, 3, 379
What are the prime factors of 851?
23, 37
What are the prime factors of 115?
5, 23
List the prime factors of 31459.
163, 193
List the prime factors of 6449.
6449
List the prime factors of 145.
5, 29
What are t